{"id":1372,"date":"2025-07-23T11:48:45","date_gmt":"2025-07-23T14:48:45","guid":{"rendered":"https:\/\/destacservicos.com.br\/?page_id=1372"},"modified":"2025-07-28T15:53:18","modified_gmt":"2025-07-28T18:53:18","slug":"c3x","status":"publish","type":"page","link":"https:\/\/destacservicos.com.br\/index.php\/c3x\/","title":{"rendered":""},"content":{"rendered":"\t\t<div data-elementor-type=\"wp-page\" data-elementor-id=\"1372\" class=\"elementor elementor-1372\">\n\t\t\t\t\t\t<section class=\"elementor-section elementor-top-section elementor-element elementor-element-3d537d6a elementor-section-stretched elementor-section-boxed elementor-section-height-default elementor-section-height-default\" data-id=\"3d537d6a\" data-element_type=\"section\" data-settings=\"{&quot;background_background&quot;:&quot;classic&quot;,&quot;stretch_section&quot;:&quot;section-stretched&quot;}\">\n\t\t\t\t\t\t<div class=\"elementor-container elementor-column-gap-default\">\n\t\t\t\t\t<div class=\"elementor-column elementor-col-100 elementor-top-column elementor-element elementor-element-669da9bd\" data-id=\"669da9bd\" data-element_type=\"column\">\n\t\t\t<div class=\"elementor-widget-wrap elementor-element-populated\">\n\t\t\t\t\t\t<div class=\"elementor-element elementor-element-3748eed4 elementor-widget elementor-widget-heading\" data-id=\"3748eed4\" data-element_type=\"widget\" data-widget_type=\"heading.default\">\n\t\t\t\t<div class=\"elementor-widget-container\">\n\t\t\t\t\t<h1 class=\"elementor-heading-title elementor-size-default\">Linha Cx <\/h1>\t\t\t\t<\/div>\n\t\t\t\t<\/div>\n\t\t\t\t\t<\/div>\n\t\t<\/div>\n\t\t\t\t\t<\/div>\n\t\t<\/section>\n\t\t\t\t<section class=\"elementor-section elementor-top-section elementor-element elementor-element-54a17845 elementor-section-boxed elementor-section-height-default elementor-section-height-default\" data-id=\"54a17845\" data-element_type=\"section\">\n\t\t\t\t\t\t<div class=\"elementor-container elementor-column-gap-default\">\n\t\t\t\t\t<div class=\"elementor-column elementor-col-100 elementor-top-column elementor-element elementor-element-82c5e41\" data-id=\"82c5e41\" data-element_type=\"column\">\n\t\t\t<div class=\"elementor-widget-wrap elementor-element-populated\">\n\t\t\t\t\t\t<section class=\"elementor-section elementor-inner-section elementor-element elementor-element-336b935e elementor-section-content-middle elementor-section-boxed elementor-section-height-default elementor-section-height-default\" data-id=\"336b935e\" data-element_type=\"section\">\n\t\t\t\t\t\t<div class=\"elementor-container elementor-column-gap-default\">\n\t\t\t\t\t<div class=\"elementor-column elementor-col-50 elementor-inner-column elementor-element elementor-element-5595e433\" data-id=\"5595e433\" data-element_type=\"column\">\n\t\t\t<div class=\"elementor-widget-wrap elementor-element-populated\">\n\t\t\t\t\t\t<div class=\"elementor-element elementor-element-4ce49d9b elementor-widget elementor-widget-heading\" data-id=\"4ce49d9b\" data-element_type=\"widget\" data-widget_type=\"heading.default\">\n\t\t\t\t<div class=\"elementor-widget-container\">\n\t\t\t\t\t<span class=\"elementor-heading-title elementor-size-default\">ESPECIFICA\u00c7\u00d5ES<\/span>\t\t\t\t<\/div>\n\t\t\t\t<\/div>\n\t\t\t\t<div class=\"elementor-element elementor-element-8fd9a3c elementor-widget elementor-widget-heading\" data-id=\"8fd9a3c\" data-element_type=\"widget\" data-widget_type=\"heading.default\">\n\t\t\t\t<div class=\"elementor-widget-container\">\n\t\t\t\t\t<h1 class=\"elementor-heading-title elementor-size-default\">C3-X<\/h1>\t\t\t\t<\/div>\n\t\t\t\t<\/div>\n\t\t\t\t<div class=\"elementor-element elementor-element-69dc5446 elementor-widget elementor-widget-text-editor\" data-id=\"69dc5446\" data-element_type=\"widget\" data-widget_type=\"text-editor.default\">\n\t\t\t\t<div class=\"elementor-widget-container\">\n\t\t\t\t\t\t\t\t\t<p>Com a FLIR C3-X, ficou mais f\u00e1cil do que nunca inspecionar problemas ocultos, documentar reparos e compartilhar evid\u00eancias com os clientes. Com um sensor t\u00e9rmico de 128 x 96 pixels, MSX\u00ae (Multi-Spectral Dynamic Imaging), uma c\u00e2mera visual de 5 megapixels e lanterna LED, a C3-X \u00e9 uma ferramenta de inspe\u00e7\u00e3o acess\u00edvel destinada a aplica\u00e7\u00f5es el\u00e9tricas e mec\u00e2nicas, de constru\u00e7\u00e3o e manuten\u00e7\u00e3o. Carregue diretamente e armazene imagens na nuvem, com a solu\u00e7\u00e3o FLIR Ignite\u2122, onde voc\u00ea pode organizar e fazer backup de arquivos. Compartilhe imagens na hora com os clientes ou crie relat\u00f3rios profissionais em um dispositivo m\u00f3vel ou computador.<\/p>\t\t\t\t\t\t\t\t<\/div>\n\t\t\t\t<\/div>\n\t\t\t\t<div class=\"elementor-element elementor-element-28fb7135 elementor-align-left elementor-mobile-align-justify elementor-widget elementor-widget-button\" data-id=\"28fb7135\" data-element_type=\"widget\" data-widget_type=\"button.default\">\n\t\t\t\t<div class=\"elementor-widget-container\">\n\t\t\t\t\t\t\t\t\t<div class=\"elementor-button-wrapper\">\n\t\t\t\t\t<a class=\"elementor-button elementor-button-link elementor-size-lg\" href=\"http:\/\/wa.me\/5513974093533\">\n\t\t\t\t\t\t<span class=\"elementor-button-content-wrapper\">\n\t\t\t\t\t\t\t\t\t<span class=\"elementor-button-text\">COMPRE AGORA<\/span>\n\t\t\t\t\t<\/span>\n\t\t\t\t\t<\/a>\n\t\t\t\t<\/div>\n\t\t\t\t\t\t\t\t<\/div>\n\t\t\t\t<\/div>\n\t\t\t\t\t<\/div>\n\t\t<\/div>\n\t\t\t\t<div class=\"elementor-column elementor-col-50 elementor-inner-column elementor-element elementor-element-57ed7a1e\" data-id=\"57ed7a1e\" data-element_type=\"column\">\n\t\t\t<div class=\"elementor-widget-wrap elementor-element-populated\">\n\t\t\t\t\t\t<div class=\"elementor-element elementor-element-1c7dcf2e elementor-widget elementor-widget-image\" data-id=\"1c7dcf2e\" data-element_type=\"widget\" data-widget_type=\"image.default\">\n\t\t\t\t<div class=\"elementor-widget-container\">\n\t\t\t\t\t\t\t\t\t\t\t\t\t\t\t<img fetchpriority=\"high\" decoding=\"async\" width=\"301\" height=\"167\" src=\"https:\/\/destacservicos.com.br\/wp-content\/uploads\/2025\/07\/images.png\" class=\"attachment-large size-large wp-image-1195\" alt=\"\" \/>\t\t\t\t\t\t\t\t\t\t\t\t\t\t\t<\/div>\n\t\t\t\t<\/div>\n\t\t\t\t<div class=\"elementor-element elementor-element-8fad890 elementor-widget elementor-widget-image\" data-id=\"8fad890\" data-element_type=\"widget\" data-widget_type=\"image.default\">\n\t\t\t\t<div class=\"elementor-widget-container\">\n\t\t\t\t\t\t\t\t\t\t\t\t\t\t\t<img decoding=\"async\" width=\"930\" height=\"620\" src=\"https:\/\/destacservicos.com.br\/wp-content\/uploads\/2025\/07\/E8-PRO-4.jpg\" class=\"attachment-2048x2048 size-2048x2048 wp-image-1374\" alt=\"\" srcset=\"https:\/\/destacservicos.com.br\/wp-content\/uploads\/2025\/07\/E8-PRO-4.jpg 930w, https:\/\/destacservicos.com.br\/wp-content\/uploads\/2025\/07\/E8-PRO-4-300x200.jpg 300w, https:\/\/destacservicos.com.br\/wp-content\/uploads\/2025\/07\/E8-PRO-4-768x512.jpg 768w, https:\/\/destacservicos.com.br\/wp-content\/uploads\/2025\/07\/E8-PRO-4-600x400.jpg 600w\" sizes=\"(max-width: 930px) 100vw, 930px\" \/>\t\t\t\t\t\t\t\t\t\t\t\t\t\t\t<\/div>\n\t\t\t\t<\/div>\n\t\t\t\t\t<\/div>\n\t\t<\/div>\n\t\t\t\t\t<\/div>\n\t\t<\/section>\n\t\t\t\t\t<\/div>\n\t\t<\/div>\n\t\t\t\t\t<\/div>\n\t\t<\/section>\n\t\t\t\t<section class=\"elementor-section elementor-top-section elementor-element elementor-element-363c0e13 elementor-section-stretched elementor-section-boxed elementor-section-height-default elementor-section-height-default\" data-id=\"363c0e13\" data-element_type=\"section\" data-settings=\"{&quot;background_background&quot;:&quot;classic&quot;,&quot;stretch_section&quot;:&quot;section-stretched&quot;}\">\n\t\t\t\t\t\t<div class=\"elementor-container elementor-column-gap-default\">\n\t\t\t\t\t<div class=\"elementor-column elementor-col-100 elementor-top-column elementor-element elementor-element-7f3fd4b6\" data-id=\"7f3fd4b6\" data-element_type=\"column\">\n\t\t\t<div class=\"elementor-widget-wrap elementor-element-populated\">\n\t\t\t\t\t\t<section class=\"elementor-section elementor-inner-section elementor-element elementor-element-7cc3165e elementor-section-boxed elementor-section-height-default elementor-section-height-default\" data-id=\"7cc3165e\" data-element_type=\"section\">\n\t\t\t\t\t\t<div class=\"elementor-container elementor-column-gap-default\">\n\t\t\t\t\t<div class=\"elementor-column elementor-col-100 elementor-inner-column elementor-element elementor-element-52143ce8\" data-id=\"52143ce8\" data-element_type=\"column\" data-settings=\"{&quot;background_background&quot;:&quot;classic&quot;}\">\n\t\t\t<div class=\"elementor-widget-wrap elementor-element-populated\">\n\t\t\t\t\t\t<div class=\"elementor-element elementor-element-450cea7e elementor-widget elementor-widget-heading\" data-id=\"450cea7e\" data-element_type=\"widget\" data-widget_type=\"heading.default\">\n\t\t\t\t<div class=\"elementor-widget-container\">\n\t\t\t\t\t<span class=\"elementor-heading-title elementor-size-default\">solicite seu or\u00e7amento <\/span>\t\t\t\t<\/div>\n\t\t\t\t<\/div>\n\t\t\t\t<div class=\"elementor-element elementor-element-5b2edcb6 elementor-widget elementor-widget-heading\" data-id=\"5b2edcb6\" data-element_type=\"widget\" data-widget_type=\"heading.default\">\n\t\t\t\t<div class=\"elementor-widget-container\">\n\t\t\t\t\t<h2 class=\"elementor-heading-title elementor-size-default\">QUER COMPRAR UMA <br>C\u00c2MERA T\u00c9RMICA?<\/h2>\t\t\t\t<\/div>\n\t\t\t\t<\/div>\n\t\t\t\t<div class=\"elementor-element elementor-element-500c547f elementor-widget elementor-widget-spacer\" data-id=\"500c547f\" data-element_type=\"widget\" data-widget_type=\"spacer.default\">\n\t\t\t\t<div class=\"elementor-widget-container\">\n\t\t\t\t\t\t\t<div class=\"elementor-spacer\">\n\t\t\t<div class=\"elementor-spacer-inner\"><\/div>\n\t\t<\/div>\n\t\t\t\t\t\t<\/div>\n\t\t\t\t<\/div>\n\t\t\t\t<div class=\"elementor-element elementor-element-52cbc9e3 elementor-align-center elementor-mobile-align-justify elementor-widget elementor-widget-button\" data-id=\"52cbc9e3\" data-element_type=\"widget\" data-widget_type=\"button.default\">\n\t\t\t\t<div class=\"elementor-widget-container\">\n\t\t\t\t\t\t\t\t\t<div class=\"elementor-button-wrapper\">\n\t\t\t\t\t<a class=\"elementor-button elementor-button-link elementor-size-lg\" href=\"http:\/\/wa.me\/5513974093533\">\n\t\t\t\t\t\t<span class=\"elementor-button-content-wrapper\">\n\t\t\t\t\t\t\t\t\t<span class=\"elementor-button-text\">SOLICITE SEU OR\u00c7AMENTO AGORA<\/span>\n\t\t\t\t\t<\/span>\n\t\t\t\t\t<\/a>\n\t\t\t\t<\/div>\n\t\t\t\t\t\t\t\t<\/div>\n\t\t\t\t<\/div>\n\t\t\t\t\t<\/div>\n\t\t<\/div>\n\t\t\t\t\t<\/div>\n\t\t<\/section>\n\t\t\t\t\t<\/div>\n\t\t<\/div>\n\t\t\t\t\t<\/div>\n\t\t<\/section>\n\t\t\t\t<section class=\"elementor-section elementor-top-section elementor-element elementor-element-5cb83877 elementor-section-boxed elementor-section-height-default elementor-section-height-default\" data-id=\"5cb83877\" data-element_type=\"section\">\n\t\t\t\t\t\t<div class=\"elementor-container elementor-column-gap-default\">\n\t\t\t\t\t<div class=\"elementor-column elementor-col-50 elementor-top-column elementor-element elementor-element-4e52a49b\" data-id=\"4e52a49b\" data-element_type=\"column\">\n\t\t\t<div class=\"elementor-widget-wrap elementor-element-populated\">\n\t\t\t\t\t\t<div class=\"elementor-element elementor-element-5ca838da elementor-widget elementor-widget-text-editor\" data-id=\"5ca838da\" data-element_type=\"widget\" data-widget_type=\"text-editor.default\">\n\t\t\t\t<div class=\"elementor-widget-container\">\n\t\t\t\t\t\t\t\t\t<dl class=\"Spec-list\"><dt>Resolu\u00e7\u00e3o de IV<\/dt><dd>128 x 96 pixels<\/dd><\/dl><dl class=\"Spec-list\"><dt>Sensibilidade T\u00e9rmica\/NETD<\/dt><dd>&lt;70 mK<\/dd><\/dl><dl class=\"Spec-list\"><dt>Precis\u00e3o<\/dt><dd>0 a 100 \u00b0C (32 a 212 \u00b0F): \u00b13 \u00b0C (\u00b15,5 \u00b0F); 100 a 300 \u00b0C (212 a 572 \u00b0F): \u00b13% [temp. ambiente 15 a 35 \u00b0C (59 a 95 \u00b0F) e temp. de objetos acima de 0 \u00b0C (32 \u00b0F)]<\/dd><\/dl><dl class=\"Spec-list\"><dt>Campo de vis\u00e3o (FOV)<\/dt><dd>53,6\u00b0<\/dd><\/dl><dl class=\"Spec-list\"><dt>C\u00e2mera Digital<\/dt><dd>Resolu\u00e7\u00e3o de 5 MP<\/dd><\/dl><dl class=\"Spec-list\"><dt>Modos de Imagem<\/dt><dd>Imagem de infravermelho, imagem visual, MSX (detalhes visuais real\u00e7ados na imagem t\u00e9rmica), Picture-in-picture (\u00e1rea de infravermelho na imagem visual)<\/dd><\/dl><dl class=\"Spec-list\"><dt>M\u00eddia de Armazenamento<\/dt><dd>Mem\u00f3ria interna e conectividade de nuvem FLIR Ignite integrada (com Wi-Fi)<\/dd><\/dl>\t\t\t\t\t\t\t\t<\/div>\n\t\t\t\t<\/div>\n\t\t\t\t\t<\/div>\n\t\t<\/div>\n\t\t\t\t<div class=\"elementor-column elementor-col-50 elementor-top-column elementor-element elementor-element-26382aa8\" data-id=\"26382aa8\" data-element_type=\"column\">\n\t\t\t<div class=\"elementor-widget-wrap elementor-element-populated\">\n\t\t\t\t\t\t<div class=\"elementor-element elementor-element-fa1885e elementor-widget elementor-widget-image\" data-id=\"fa1885e\" data-element_type=\"widget\" data-widget_type=\"image.default\">\n\t\t\t\t<div class=\"elementor-widget-container\">\n\t\t\t\t\t\t\t\t\t\t\t\t\t\t\t<img decoding=\"async\" width=\"930\" height=\"620\" src=\"https:\/\/destacservicos.com.br\/wp-content\/uploads\/2025\/07\/WhatsApp-Image-2025-07-28-at-15.52.23-930x620.jpeg\" class=\"attachment-neve-blog size-neve-blog wp-image-1443\" alt=\"\" \/>\t\t\t\t\t\t\t\t\t\t\t\t\t\t\t<\/div>\n\t\t\t\t<\/div>\n\t\t\t\t\t<\/div>\n\t\t<\/div>\n\t\t\t\t\t<\/div>\n\t\t<\/section>\n\t\t\t\t<\/div>\n\t\t","protected":false},"excerpt":{"rendered":"<p>Linha Cx ESPECIFICA\u00c7\u00d5ES C3-X Com a FLIR C3-X, ficou mais f\u00e1cil do que nunca inspecionar problemas ocultos, documentar reparos e compartilhar evid\u00eancias com os clientes. Com um sensor t\u00e9rmico de 128 x 96 pixels, MSX\u00ae (Multi-Spectral Dynamic Imaging), uma c\u00e2mera visual de 5 megapixels e lanterna LED, a C3-X \u00e9 uma ferramenta de inspe\u00e7\u00e3o acess\u00edvel&hellip;&nbsp;<a href=\"https:\/\/destacservicos.com.br\/index.php\/c3x\/\" class=\"\" rel=\"bookmark\">Continue a ler &raquo;<span class=\"screen-reader-text\"><\/span><\/a><\/p>\n","protected":false},"author":1,"featured_media":0,"parent":0,"menu_order":0,"comment_status":"closed","ping_status":"closed","template":"","meta":{"footnotes":""},"class_list":["post-1372","page","type-page","status-publish","hentry"],"yoast_head":"<!-- This site is optimized with the Yoast SEO plugin v14.9 - https:\/\/yoast.com\/wordpress\/plugins\/seo\/ -->\n<title>- Destac Servi\u00e7os<\/title>\n<meta name=\"robots\" content=\"index, follow, max-snippet:-1, max-image-preview:large, max-video-preview:-1\" \/>\n<link rel=\"canonical\" href=\"https:\/\/destacservicos.com.br\/index.php\/c3x\/\" \/>\n<meta property=\"og:locale\" content=\"pt_BR\" \/>\n<meta property=\"og:type\" content=\"article\" \/>\n<meta property=\"og:title\" content=\"- Destac Servi\u00e7os\" \/>\n<meta property=\"og:description\" content=\"Linha Cx ESPECIFICA\u00c7\u00d5ES C3-X Com a FLIR C3-X, ficou mais f\u00e1cil do que nunca inspecionar problemas ocultos, documentar reparos e compartilhar evid\u00eancias com os clientes. Com um sensor t\u00e9rmico de 128 x 96 pixels, MSX\u00ae (Multi-Spectral Dynamic Imaging), uma c\u00e2mera visual de 5 megapixels e lanterna LED, a C3-X \u00e9 uma ferramenta de inspe\u00e7\u00e3o acess\u00edvel&hellip;&nbsp;Continue a ler &raquo;\" \/>\n<meta property=\"og:url\" content=\"https:\/\/destacservicos.com.br\/index.php\/c3x\/\" \/>\n<meta property=\"og:site_name\" content=\"Destac Servi\u00e7os\" \/>\n<meta property=\"article:modified_time\" content=\"2025-07-28T18:53:18+00:00\" \/>\n<meta property=\"og:image\" content=\"https:\/\/destacservicos.com.br\/wp-content\/uploads\/2025\/07\/images.png\" \/>\n<meta name=\"twitter:card\" content=\"summary_large_image\" \/>\n<script type=\"application\/ld+json\" class=\"yoast-schema-graph\">{\"@context\":\"https:\/\/schema.org\",\"@graph\":[{\"@type\":\"Organization\",\"@id\":\"https:\/\/destacservicos.com.br\/#organization\",\"name\":\"Destac Servi\\u00e7os\",\"url\":\"https:\/\/destacservicos.com.br\/\",\"sameAs\":[],\"logo\":{\"@type\":\"ImageObject\",\"@id\":\"https:\/\/destacservicos.com.br\/#logo\",\"inLanguage\":\"pt-BR\",\"url\":\"https:\/\/destacservicos.com.br\/wp-content\/uploads\/2020\/07\/WhatsApp-Image-2020-03-17-at-10.23.42-1.jpeg\",\"width\":688,\"height\":232,\"caption\":\"Destac Servi\\u00e7os\"},\"image\":{\"@id\":\"https:\/\/destacservicos.com.br\/#logo\"}},{\"@type\":\"WebSite\",\"@id\":\"https:\/\/destacservicos.com.br\/#website\",\"url\":\"https:\/\/destacservicos.com.br\/\",\"name\":\"Destac Servi\\u00e7os\",\"description\":\"L\\u00edder na baixada santista\",\"publisher\":{\"@id\":\"https:\/\/destacservicos.com.br\/#organization\"},\"potentialAction\":[{\"@type\":\"SearchAction\",\"target\":\"https:\/\/destacservicos.com.br\/?s={search_term_string}\",\"query-input\":\"required name=search_term_string\"}],\"inLanguage\":\"pt-BR\"},{\"@type\":\"ImageObject\",\"@id\":\"https:\/\/destacservicos.com.br\/index.php\/c3x\/#primaryimage\",\"inLanguage\":\"pt-BR\",\"url\":\"https:\/\/destacservicos.com.br\/wp-content\/uploads\/2025\/07\/images.png\",\"width\":301,\"height\":167},{\"@type\":\"WebPage\",\"@id\":\"https:\/\/destacservicos.com.br\/index.php\/c3x\/#webpage\",\"url\":\"https:\/\/destacservicos.com.br\/index.php\/c3x\/\",\"name\":\"- Destac Servi\\u00e7os\",\"isPartOf\":{\"@id\":\"https:\/\/destacservicos.com.br\/#website\"},\"primaryImageOfPage\":{\"@id\":\"https:\/\/destacservicos.com.br\/index.php\/c3x\/#primaryimage\"},\"datePublished\":\"2025-07-23T14:48:45+00:00\",\"dateModified\":\"2025-07-28T18:53:18+00:00\",\"inLanguage\":\"pt-BR\",\"potentialAction\":[{\"@type\":\"ReadAction\",\"target\":[\"https:\/\/destacservicos.com.br\/index.php\/c3x\/\"]}]}]}<\/script>\n<!-- \/ Yoast SEO plugin. -->","_links":{"self":[{"href":"https:\/\/destacservicos.com.br\/index.php\/wp-json\/wp\/v2\/pages\/1372","targetHints":{"allow":["GET"]}}],"collection":[{"href":"https:\/\/destacservicos.com.br\/index.php\/wp-json\/wp\/v2\/pages"}],"about":[{"href":"https:\/\/destacservicos.com.br\/index.php\/wp-json\/wp\/v2\/types\/page"}],"author":[{"embeddable":true,"href":"https:\/\/destacservicos.com.br\/index.php\/wp-json\/wp\/v2\/users\/1"}],"replies":[{"embeddable":true,"href":"https:\/\/destacservicos.com.br\/index.php\/wp-json\/wp\/v2\/comments?post=1372"}],"version-history":[{"count":6,"href":"https:\/\/destacservicos.com.br\/index.php\/wp-json\/wp\/v2\/pages\/1372\/revisions"}],"predecessor-version":[{"id":1445,"href":"https:\/\/destacservicos.com.br\/index.php\/wp-json\/wp\/v2\/pages\/1372\/revisions\/1445"}],"wp:attachment":[{"href":"https:\/\/destacservicos.com.br\/index.php\/wp-json\/wp\/v2\/media?parent=1372"}],"curies":[{"name":"wp","href":"https:\/\/api.w.org\/{rel}","templated":true}]}}